*2 - 5*s - 4. What is a(v)?
0
Let g(q) = 4*q**2 + 1. Suppose 0 = -2*h - 3*d - 8, -4*h = -h + d + 5. Calculate g(h).
5
Let h(y) be the second derivative of y**7/2520 + y**6/180 - y**5/60 - y**4/3 + 6*y. Let p(s) be the third derivative of h(s). Determine p(-5).
3
Let c(w) = w**3 + 5*w**2 - 8*w. Let d be c(-6). Suppose 3*q = -q - d. Let o(g) be the first derivative of g**3/3 + g**2/2 - 2*g + 1. Calculate o(q).
4
Let r(i) = -i**3 - i**2 + i + 1. Suppose 3*q + q + 2*w = 8, -3*q + 12 = 3*w. Calculate r(q).
1
Let m(c) = 7*c - 6. Let x(s) = -6*s + 5. Let u(k) = -5*m(k) - 6*x(k). Let o(n) = -n - 1. Let r(i) = -3*o(i) - 4*u(i). What is r(0)?
3
Let s(n) = n**2 - 6*n + 1. Suppose -17 = 5*t + 4*o, 0*o = 2*o + 6. Suppose 0 = -d - 2*x - x - 4, -5*d + 4*x = -18. Let p be d/(12/9 + t). Determine s(p).
1
Let a(g) = -g**2 + 9*g + 6. Let q be a(8). Let i = q + -13. Let m(t) = -9*t**3 + t**2 - t. Give m(i).
-9
Suppose 0*l + 2*l + 4 = 0. Let v be (4/6*-6)/l. Let a(x) = -x**3 - x**v - x - 4*x**2 + 7 + 0*x + 0*x**3. Give a(-5).
12
Suppose -4 = -3*a + a. Let i(q) = -a - 2 - 2*q - 2*q + q**3 + 1 - q**2. Calculate i(-2).
-7
Let t(i) = i**3 + 9*i**2 + 4. Suppose 5*u - 2*p = -45, 2*p + 14 - 41 = 3*u. Calculate t(u).
4
Let z be ((-80)/(-24))/((-8)/12). Let h(l) = -2*l - 6. Determine h(z).
4
Let f = 3 + 1. Let c = 6 + f. Let k(o) = o - 1 - 6 + 8 - c*o**2. Determine k(-1).
-10
Let c(l) = -l - 4 + 1 + 0*l. Suppose 4*b = -13 - 3. Let q = b + 4. Calculate c(q).
-3
Let m(v) = -3*v + 1. Let r be (-40)/18 + (-2)/(-9). Let w be r/(-2)*-2 + 4. Let t = w + -3. What is m(t)?
4
Suppose 0 = -5*i - 4*t + 45, -5*i + 45 = -3*t + t. Let h(l) = l**2 - 9*l + 6. What is h(i)?
6
Let d = 0 - -4. Suppose -4*a = a - d*p, -4*a = 2*p - 26. Let i(n) = -5*n + 5. Let h(q) = 14*q - 14. Let j(z) = 6*h(z) + 17*i(z). Calculate j(a).
-3
Let v(y) = -4*y**2 - 2*y - 1. Let l(h) = -4*h**2 - 2*h - 1. Let g(p) = 3*l(p) - 4*v(p). Suppose 4*f - 1 = -5. Determine g(f).
3
Let g(l) = l - 8. Let d = 9 - 3. Suppose -w = -0*w - d. Calculate g(w).
-2
Let o(b) be the third derivative of -b**6/120 + b**5/12 - b**4/6 + b**3/2 + b**2. Let s = -36 + 39. Give o(s).
9
Suppose -4*j + 30 = -3*b + 2, b + 12 = 2*j. Let x(c) = c. Let m be x(4). Let v(z) = -z + 3*z + 0*z**2 + z**2 - m. Calculate v(b).
4
Let s(q) = -3 - 30*q + 21*q + 19*q + q**2. Calculate s(-9).
-12
Suppose 5*y - 3*l - 30 = 0, -6*l - 11 = 3*y - 2*l. Suppose y = 3*u - 6. Let w(x) = -2*x + u*x - x**2 - x**3 + 3 + 4*x**2. Give w(3).
6
Let j(p) = -p - 1. Let s(i) = 6*i + 3. Let g(x) = -4*j(x) - s(x). Let m = 233 + -228. What is g(m)?
-9
Let r(u) = -u**2 - 3*u - 2. Let s be r(-2). Let k(q) = 4 + 0*q + q + s*q. Determine k(4).
8
Let n(d) be the first derivative of 0*d + 1/120*d**5 - 1 - 1/72*d**6 - d**3 + 0*d**2 - 1/24*d**4. Let a(h) be the third derivative of n(h). Calculate a(1).
-5
Let r be (2 - 0)/(4/6). Suppose -x - 1 = 2*y - 4*y, 5*x = -5*y + 10. Let a(b) = 4*b**2 - y - b**r + 0*b**3 - 3. Determine a(4).
-4
Suppose -8 = -0*h + 4*h. Let a(n) be the third derivative of 1/3*n**3 + 1/8*n**4 + 1/30*n**5 + 0 + n**2 + 1/120*n**6 + 0*n. Determine a(h).
-4
Let s(j) = -j**2 - 6*j + 0*j + 10 + 2*j - 9. Let a = 4 - 7. Give s(a).
4
Suppose -3*y = 4*g + 2*y + 9, -10 = 2*y. Suppose -2 + g = a - 2*q, -a + 5*q + 2 = 0. Let z(t) = -676 - 679 - 4*t + 1357. Determine z(a).
-6
Let l(t) = -t + 1. Let q = -15 - -19. Suppose -2*c + 3*p + 2*p = -4, 0 = q*c - 2*p - 8. Calculate l(c).
-1
Let z(d) = -d. Let f(k) = -k**2 - 3*k + 3. Let v be f(1). Give z(v).
1
Let z = -5 - -10. Suppose -3*m + 2*m + 2 = 0. Let b(o) = 7 + 3*o**3 + 3*o - 4*o - 4*o - 4*o**3 + 6*o**m. What is b(z)?
7
Let s(c) = c + 3. Let r be 1 - (1 - 0/(-3)). Calculate s(r).
3
Suppose 9*h - 6*h = -3. Let a(o) = 14*o**2 + o + 1. Calculate a(h).
14
Let l(c) = c + 5. Let i be ((-6)/4)/((-2)/(-4)). Let v = i + 3. What is l(v)?
5
Let q(f) = f**2 + 6*f + 5. Suppose 4*g + 19 = c, 1 = 3*c + 2*g - 0. Let w = 0 - 0. Suppose -5*u = w, -5*v - c*u = 29 + 1. Give q(v).
5
Let l = 11 + -9. Let z(x) = -2*x**2 - 2*x + 9. Let r(y) = y**2 + 3*y - 8. Let h(b) = l*z(b) + 3*r(b). Determine h(5).
-6
Suppose -k = -4*o + 27, -5*k - 3 = -0*o + 2*o. Let t(s) be the third derivative of -s**6/120 + s**5/10 + s**3/6 - s**2. Calculate t(o).
1
Let b(m) = -m**2 + 6*m - 2. Let u(r) = r**2 - r + 1. Let n(a) = b(a) + 2*u(a). Suppose w + w = 5*j + 29, 5*j - 5*w = -35. Calculate n(j).
5
Suppose b = 6*b + 5*x + 30, 4*b - 3*x + 24 = 0. Let t(v) be the third derivative of -v**6/120 - v**5/10 + v**4/12 + 4*v**3/3 + 2*v**2. Calculate t(b).
-4
Let r(u) = -8*u**2 - 6*u - 10. Let b(o) = o**3 + o**2 - o. Let y(p) = b(p) + r(p). Determine y(8).
-2
Let m(o) = o**2 + 7*o - 8. Suppose 3*q - q + 8 = -3*b, 0 = 4*b + 4*q + 4. What is m(b)?
-14
Let u(j) = j**2 + 9*j + 10. Let z(k) = -8*k**3 + k. Let b be z(1). Calculate u(b).
-4
Let x(n) = 7*n**2 + 2*n + 1. Let r(g) = g**2 - 5*g + 5*g - g - 1 + 4*g. Let t be r(-3). Determine x(t).
6
Suppose 11*t - 6*t = 0. Let k be 4/16 - 11/(-4). Let j(v) = -v - v + k*v - 3. What is j(t)?
-3
Let m be (90/(-105))/(2/14). Let f(l) = l**2 + 7*l - 3. Calculate f(m).
-9
Let b(a) = -a**2 + 3*a - 4. Let u be ((-21)/(-35))/(1/5). Suppose u*t - p - 2 = 1, 2*p = t - 6. Suppose -5*h = -n + 4, t*n + 3*h - 4 = -n. Calculate b(n).
-8
Suppose -w + 5*f = -24, -w = w - 2*f - 16. Suppose w*r + m = 23, -r + 3 = -m - 4. Let g be r/21 + 5/7. Let y(t) = 9*t**3 + t. What is y(g)?
10
Let q(o) = o**3 + 6*o**2 + 6*o + 5. Let y be q(-5). Let i(z) = -2*z + 4*z - 2*z**2 + y - 1 + 6*z**3. Suppose -2*d - l = -4*l + 1, 4*d = 5*l - 1. What is i(d)?
5
Suppose 8 = p + y - 5*y, -3*p - 4 = 2*y. Let z(t) be the second derivative of -1/2*t**2 - 5*t - 1/6*t**3 + 0. Calculate z(p).
-1
Let w(q) = -q + 7. Let c(u) = -u**3 + 16*u**2 - 14*u - 21. Let j be c(15). Calculate w(j).
13
Let q(j) = 3*j - j - 4*j + j**2. Let b be q(3). Let t(g) = 0*g + b - 5 - g. What is t(5)?
-7
Let m(l) = -2*l + 0*l**2 + 0*l**2 - l**2 + 4 - 4*l. Determine m(-7).
-3
Let t(x) = 8*x**2 - 6*x - 3*x + 11 + x**3 + 21*x - 10*x. Determine t(-8).
-5
Let k(j) = j**3 + 9*j**2 + 8*j - 5. Suppose -4*v + 2*l - 6*l = 20, 35 = -4*v + l. Let u be k(v). Let s(h) = h - 2. Determine s(u).
-7
Let i(s) = 2*s - 7. Let r be i(5). Let c(n) = -2*n + n - 1 + 2 - 3. Give c(r).
-5
Let g(q) = 4*q - 1. Let v be g(-6). Let w = 19 + v. Let k(f) = f**2 + 6*f - 2. Calculate k(w).
-2
Let n(s) = -s**3 - 9*s**2 + 5*s + 9. Let p(o) = -o**3 - 10*o**2 + 6*o + 10. Let y(z) = 5*n(z) - 4*p(z). Let g = 15 - 20. Calculate y(g).
0
Let v(c) be the second derivative of -c**4/12 - c**3/3 - 3*c**2/2 - 5*c. Let m(s) = -s + 1. Let x be m(3). Give v(x).
-3
Let n(b) = -b**2 + 12*b - 17. Let r be n(10). Let s(t) = t**2 - 3*t - 4. What is s(r)?
-4
Let q = -5 + 10. Suppose -10*k = -q*k - 5. Let r(i) = -6*i**2 + 1. Determine r(k).
-5
Let u(h) = h**3 + 2*h**2 - 4*h + 4. Let t be (37 + -2)/(-5) + 3. Give u(t).
-12
Let i(f) be the first derivative of -f**4/4 + 4*f**3/3 - f**2 + 2*f + 3. What is i(4)?
-6
Let r(b) = -b**3 - 6*b**2 - 3*b + 5. Let s be (14/(-4) - -4)*0. Suppose s = -5*g + 2*g - 15. What is r(g)?
-5
Let c(z) be the third derivative of z**5/60 + z**4/6 - z**3 - 12*z**2. What is c(-5)?
-1
Let u(h) be the second derivative of h**4/6 - 5*h**3/6 + 3*h**2/2 + 13*h. Give u(3).
6
Suppose 2 = p + 5*g, 4*p - g + 5*g - 8 = 0. Let s(z) be the third derivative of -1/12*z**4 + 0*z - 1/3*z**3 + 3*z**p + 0. Determine s(2).
-6
Let a(k) = -2*k**2 - 5*k. Let i(x) = 3*x**2 + 6*x + 1. Let d(w) = 4*a(w) + 3*i(w). What is d(3)?
6
Let v(u) = 2*u**3 + 4*u - 4*u + u - 2*u - u**2. Suppose 5*i - 1 = 3*j, 0 = -3*i + j - 2 + 5. Let m be 2*1/(-4)*i. Calculate v(m).
-2
Let h be (8/(-24))/(2/(-6)) - -1. Let d(m) = 2 - m - m**2 + m**3 + 0*m**3 - 3. What is d(h)?
1
Let n(p) = -p**2 + 5*p + 4. Let t be (-8)/(-2)*(-15)/(-10). Calculate n(t).
-2
Let g(y) = 2*y + 17. Let x be g(-7). Let q(s) = s**2 - s - 1. Give q(x).
5
Suppose 15 = -w + 4*w. Let u(l) = l**3 - 6*l**2 + 7. Determine u(w).
-18
Suppose 0 = 5*i - 0*i. Suppose 5*n = 5*w - 22 - 3, i = -w - 4*n. Let l(b) = 3*b**3 - w*b**3 - 1 + 5*b**2 + b + 2. Determine l(5).
6
Let h(f) = -4*f - 1. Suppose 0 = -t - 2*t - 3. Let v = 6 + t. Suppose 8*s - 3*s + v = 0. Calculate h(s).
3
Let z(c) = 3*c**2 - 2*c - 1. Let b = 3 - 1. Suppose 2*d - 2 - 4 = 0. Suppose 